by v(-12).
5
Let k(q) = 4*q**2 + 129*q + 38. What is the remainder when k(-37) is divided by 24?
21
Let n = -177 - -334. Calculate the remainder when n is divided by 53.
51
Let k(a) = 14*a - 18. What is the remainder when (-2 - -2 - -36) + 3 is divided by k(2)?
9
Let s = 11 + -7. Suppose 9*v - 15 = s*v. Suppose -4*g + 32 = 4*b, v*g + 5*b - 11 = 7. What is the remainder when 19 is divided by g?
8
Suppose 5*s - 2430 = -5. Let d = -287 + s. Calculate the remainder when d is divided by 40.
38
Suppose -2*d = 4*z - 74, -2*d + z = -4*z - 83. Suppose -o = -2*l - 2, 0*o - 5*o = 3*l + 3. Suppose 2*j - 28 = -o. What is the remainder when d is divided by j?
11
Suppose 6*w - w + 2*t - 30 = 0, -4*w + 2*t = -42. Calculate the remainder when 759 is divided by w.
7
Suppose b + 2*b - 12 = 0. What is the remainder when 6*b/2*3 is divided by (10/(-6))/((-3)/36)?
16
Let b(l) = l**3 - 2*l**2 + l - 4. Let k be b(3). Suppose 11*y = 10*y + k. Calculate the remainder when y is divided by 6.
2
Let l(y) = -y**2 - 5*y - 1. Let n be l(-4). Let r be (-1)/2*18/n. Calculate the remainder when 133 is divided by 93/3*1 - r.
31
Suppose 3*r + 4*i - 9969 = -2119, 0 = -2*i + 10. Calculate the remainder when r is divided by 67.
64
Let i = 1 - -3. Suppose 3*r + 4*y = 510, -i*r + 702 = -y - y. What is the remainder when r is divided by 44?
42
Let i be 90/4 + 3/(-6). Suppose -14*g - i = -134. What is the remainder when 93 is divided by g?
5
Let d(s) = s**2 - 21*s + 32. Let f be d(22). Let h = 93 - f. Suppose -2*l = -l - 11. Calculate the remainder when h is divided by l.
6
Suppose 4*l - 2*l = -l. Let w(x) = -4*x**3 + 0*x + 3*x**3 + x**2 - x + 34. Calculate the remainder when w(l) is divided by 12.
10
Let s = -40 - -66. Let a = s + -46. Let h = -4 - a. What is the remainder when 61 is divided by h?
13
Let d = -1497 - -1898. What is the remainder when d is divided by 45?
41
Suppose 2*k = -3*p + 325, -8*k + 13*k = -4*p + 823. Calculate the remainder when k is divided by 61.
45
Let f = 26 - 17. Let z be (0 + -2)*(-12)/8. Suppose -2*b - b = 5*i - 7, -5*b + z*i + 23 = 0. Calculate the remainder when f is divided by b.
1
Let z be (-3 + 44/20)*-150. Suppose 3*y - 224 = a, -4*a + 482 - z = 5*y. What is the remainder when y is divided by 26?
22
What is the remainder when (-68 - 9)*(-3 + 2) is divided by 21?
14
Suppose 4*o - 46 = -2*z + 14, -3*o + 145 = 4*z. Calculate the remainder when z is divided by 2/(-6) - (-5824)/273.
19
Suppose -33*v + 507 = 12. Calculate the remainder when 28 is divided by v.
13
Let h = 104 + -61. Calculate the remainder when 85 is divided by h.
42
Suppose -5*b + 282 = 47. Suppose -17 = -19*u + 14*u - 2*l, 4*l = -36. What is the remainder when b is divided by u?
5
Suppose -k - k = 3*j + 81, 0 = -4*k + j - 169. Let c = k + 50. What is the remainder when 28 is divided by c?
4
Calculate the remainder when 152 + ((-24)/(-16))/(1/2) is divided by 41.
32
Let u(t) = t**2 + 2*t - 7. Let d be u(-4). Suppose x = -p - d, -5 = 3*x - p - 18. Calculate the remainder when x is divided by 3.
0
Suppose 4*p = -2*j + 558, j = -j + 10. Calculate the remainder when p is divided by 23.
22
Suppose 4*w - 52 = -3*y, -2*w + 16 = -y - 10. Let m(a) = 5*a**2 + 3*a + 2. What is the remainder when m(-3) is divided by w?
12
Let c be -5*(-1 + (-195)/(-25)). Let j = 10 - c. What is the remainder when j is divided by 9?
8
Suppose 0 = -5*j + 23 - 8. Suppose -4*f + j = b - 19, -2*b + 44 = 2*f. Calculate the remainder when 65 is divided by b.
21
Let w = -30 - -48. Suppose -4*y - w = -5*y - 4*f, 3*y - f - 41 = 0. What is the remainder when 82 is divided by y?
12
Suppose 73 = 4*s + d, -2*s - 2*s = -2*d - 70. What is the remainder when 49 is divided by s?
13
Let r be 6/(-4)*8/(-3). Let j(z) = 4*z**2 + 5*z + r + 5 - 2 - 4. Calculate the remainder when j(-5) is divided by 20.
18
Let d(y) = 15*y**3 + y**2 - y + 1. What is the remainder when 352/12 + -8*(-6)/72 is divided by d(1)?
14
Suppose 14*a + 103 - 257 = 0. Calculate the remainder when 59 is divided by a.
4
Suppose 3*i = 3*q + 2 + 1, -2*q = i + 8. Calculate the remainder when 75 is divided by -26*(1 + i)*1.
23
Suppose 0 = -3*x + 3*a - 2*a + 323, -3*a + 12 = 0. Let j = 131 - x. What is the remainder when 86 is divided by j?
20
Let m(y) = -12*y + 64. Calculate the remainder when m(-9) is divided by 47.
31
Let j(a) = 6*a**2 - 275*a - 10. Calculate the remainder when 500 is divided by j(46).
32
Let f be (-1062)/36*(1 - 3/1). Suppose -64 = -67*q + f*q. What is the remainder when q is divided by 3?
2
Suppose 0 = -13*p + 14*p - 1. Suppose -b + 4*y = -p - 2, 5*b + 4*y = 111. Let d(v) = -74*v. Calculate the remainder when d(-1) is divided by b.
17
Let c(a) be the second derivative of a**4/12 - 13*a**3/6 + a**2/2 - a. Calculate the remainder when c(16) is divided by 13.
10
Suppose 3*l = 2*p + 31, -7*l + 8*l = 5*p + 6. What is the remainder when l is divided by 4?
3
Calculate the remainder when 42 is divided by ((2/(-1))/4)/((-1)/30).
12
Suppose -2*o + 35 = 3*o. Suppose 0 = -5*q - u + 30, q - 2*u - 2 = -3*u. Let w = -2 + q. Calculate the remainder when o is divided by w.
2
Let m(w) = w**2 + 10*w + 19. Suppose 3*a + 16 = 2*h, 0 = 2*a + a - 5*h + 4. Let z = 36 - 25. What is the remainder when z is divided by m(a)?
2
Let s be -1*(-6)/(-2)*(-2 + -10). Suppose -4*i + 2*i = 3*m - s, 2*m - 17 = i. What is the remainder when 36 is divided by m?
6
Let q = 36 - 35. Calculate the remainder when q + 47 - (-1 - 0) is divided by 26.
23
Suppose -v + 118 = i + 24, 10*i = -v + 895. Calculate the remainder when 711 is divided by i.
88
Calculate the remainder when 63 is divided by 4*(8/(-48) + (-185)/(-12)).
2
Let y be (-1 + (-4)/(-8))*-2. Let k(f) = 60*f**2 + 2*f. Calculate the remainder when k(y) is divided by 24.
14
Let n = -58 - -103. Let s = 1657 + -1634. Calculate the remainder when n is divided by s.
22
Suppose 0 = -g + 129*s - 131*s + 160, 5*s - 780 = -5*g. Calculate the remainder when g is divided by 70.
12
Let l(y) = -16*y - 82. Let f(q) be the third derivative of -q**4/6 - 7*q**3/6 + 4*q**2. What is the remainder when f(-8) is divided by l(-6)?
11
Let f(w) = 2*w - 9. Let j be f(7). Suppose -j*y - c = 74, c + 4*c + 62 = -3*y. Let q = 62 + y. Calculate the remainder when q is divided by 25.
23
Suppose -11*f - 103 + 686 = 0. What is the remainder when f is divided by 23?
7
Let o(l) = 2*l**3 - 7*l**2 - l + 3. Let t be o(4). Suppose 12*g = 9*g + t. Calculate the remainder when 30 is divided by g.
0
Let v(s) = -2*s - 7. Let a be v(-6). Let q be (1 + 0)*(-12 + a). Let y(l) = -6*l - 10. Calculate the remainder when 127 is divided by y(q).
31
Let g = -33 - -25. Calculate the remainder when 22 is divided by 0 + -3 - 128/g.
9
Suppose -542 + 662 = 3*u. Calculate the remainder when 134 is divided by u.
14
Let d = -66 + 84. What is the remainder when 1113 is divided by d?
15
Let h(u) = -41*u + 4. Let t be h(-1). Suppose 4*w - 4*p - 72 = 2*w, -w + 5*p + t = 0. Calculate the remainder when w is divided by 16.
14
Suppose 4*i - 6*w - 268 = -2*w, -4*i + 258 = w. Let z = 77 - i. Calculate the remainder when z is divided by 5.
2
Let j(h) = 29*h**2 + 4*h - 12. What is the remainder when j(2) is divided by 63?
49
Let g = -249 - -263. Calculate the remainder when 80 is divided by g.
10
Let z(l) = -l**2 + 2*l + 6. Calculate the remainder when 46 is divided by z(0).
4
Let i(r) = -r**3 + 11*r**2 - 2*r + 26. Let h be i(11). Suppose -2*j = 5*n - 0*n - 86, 3*j - 73 = -h*n. Calculate the remainder when 91 is divided by n.
11
Suppose 110*f - 6177 = 23*f. Calculate the remainder when f is divided by (104/(-12))/(2/(-3)).
6
Let w = 22 - 7. Let z = -159 + 231. What is the remainder when z is divided by w?
12
Calculate the remainder when 443 is divided by 367/5 - (1 + 32/(-20)).
73
Suppose -128*c = -131*c + 411. What is the remainder when c is divided by 38?
23
Suppose -3065 - 2133 = -46*h. Calculate the remainder when h is divided by 77.
36
Let m(u) = 1. Let d(q) = -3*q + 1. Let x(r) = -d(r) + 6*m(r). Let c be x(-2). Calculate the remainder when (4/(-12) - c)*99 is divided by 17.
15
Suppose y + 4*y - 3*l - 288 = 0, -y + 3*l = -60. Let h(z) = 2*z**2 + 13*z - 9. What is the remainder when y is divided by h(-8)?
12
Suppose 2*z + 7 = 31. Suppose -z = 3*q, -3*h + 8*h - 40 = 5*q. Suppose h*p - 38 = -m, 2*p + 0*m +